prime factors of 2742923607.
3, 151, 157, 38567
What are the prime factors of 298836098?
2, 11, 17, 337, 2371
What are the prime factors of 203649836?
2, 13, 3916343
What are the prime factors of 40590479?
19, 229, 491
What are the prime factors of 801515653?
9901, 80953
What are the prime factors of 32074513?
727, 44119
List the prime factors of 390207905.
5, 29, 149, 18061
What are the prime factors of 75703847?
19, 73, 54581
What are the prime factors of 24579445?
5, 11, 19, 43, 547
List the prime factors of 170900606.
2, 85450303
List the prime factors of 1609585645.
5, 321917129
What are the prime factors of 59185390?
2, 5, 11, 538049
List the prime factors of 256316908.
2, 37, 1731871
What are the prime factors of 4345905914?
2, 7, 283, 311, 3527
List the prime factors of 4367243183.
577, 7568879
List the prime factors of 204419259.
3, 11, 103, 20047
What are the prime factors of 2327906108?
2, 11, 1259, 42023
What are the prime factors of 53065944?
2, 3, 359, 2053
List the prime factors of 46294690.
2, 5, 13, 356113
List the prime factors of 1475234047.
7, 210747721
What are the prime factors of 34496780?
2, 5, 19, 23, 3947
What are the prime factors of 121195781?
7, 17313683
List the prime factors of 6756934330.
2, 5, 675693433
What are the prime factors of 1559997713?
61, 25573733
What are the prime factors of 18471603?
3, 6157201
List the prime factors of 3639054028.
2, 28447, 31981
List the prime factors of 600956409.
3, 17, 11783459
What are the prime factors of 1032922444?
2, 11273, 22907
What are the prime factors of 93307112?
2, 691, 16879
What are the prime factors of 52148310?
2, 3, 5, 41, 42397
What are the prime factors of 534495404?
2, 29, 4607719
List the prime factors of 266846422.
2, 133423211
List the prime factors of 7764575592.
2, 3, 47, 6883489
List the prime factors of 2043192244.
2, 37, 137, 100769
List the prime factors of 56218455.
3, 5, 127, 1093
What are the prime factors of 1045071530?
2, 5, 9421, 11093
What are the prime factors of 88935368?
2, 11116921
What are the prime factors of 196736680?
2, 5, 7, 59, 11909
What are the prime factors of 27936125?
5, 7, 4561
What are the prime factors of 115408873?
109, 271, 3907
List the prime factors of 18298762.
2, 1447, 6323
List the prime factors of 30676787.
89, 344683
What are the prime factors of 1113279545?
5, 7, 2011, 15817
List the prime factors of 19537496.
2, 11, 53, 59, 71
What are the prime factors of 4786776543?
3, 37, 193, 223441
List the prime factors of 57268449.
3, 7, 909023
What are the prime factors of 52657134?
2, 3, 79, 111091
What are the prime factors of 6048512?
2, 23627
List the prime factors of 2941999032.
2, 3, 7, 17511899
List the prime factors of 231850569.
3, 61, 1266943
List the prime factors of 61641187.
19, 3244273
List the prime factors of 175499951.
11, 353, 45197
What are the prime factors of 357032202?
2, 3, 271, 219577
List the prime factors of 76700036.
2, 7, 19, 144173
List the prime factors of 96527409.
3, 11, 1279, 2287
List the prime factors of 422743207.
1847, 228881
List the prime factors of 382378566.
2, 3, 63729761
List the prime factors of 52484217.
3, 59, 61, 4861
What are the prime factors of 199429817?
283, 331, 2129
What are the prime factors of 24926905?
5, 4985381
What are the prime factors of 149352063?
3, 7, 7112003
What are the prime factors of 8932234672?
2, 59, 151, 223, 281
What are the prime factors of 233847754?
2, 7, 16703411
List the prime factors of 2326617643.
7, 251, 1324199
List the prime factors of 72097814.
2, 509, 70823
List the prime factors of 5909929710.
2, 3, 5, 37, 5324261
What are the prime factors of 13779838?
2, 167, 41257
What are the prime factors of 6030381990?
2, 3, 5, 201012733
List the prime factors of 397583448.
2, 3, 16565977
What are the prime factors of 138893984?
2, 919, 4723
List the prime factors of 72628743.
3, 11, 17, 37, 3499
What are the prime factors of 26167903?
199, 131497
List the prime factors of 10317661.
10317661
List the prime factors of 80839175.
5, 823, 3929
What are the prime factors of 18082496?
2, 67, 4217
What are the prime factors of 228927168?
2, 3, 17, 7793
List the prime factors of 54662146.
2, 7, 11, 50707
List the prime factors of 3232975049.
3163, 1022123
List the prime factors of 152932494.
2, 3, 11, 13, 13711
List the prime factors of 590145131.
590145131
What are the prime factors of 7192221?
3, 389, 6163
List the prime factors of 171986399.
13, 17, 59863
List the prime factors of 35259741.
3, 11, 31, 11489
What are the prime factors of 7381687365?
3, 5, 13, 73, 172853
What are the prime factors of 3217098?
2, 3, 131, 4093
List the prime factors of 460564159.
11, 227, 184447
What are the prime factors of 3161414165?
5, 7, 13, 6948163
What are the prime factors of 13587392?
2, 7, 13, 2333
What are the prime factors of 11795763?
3, 7, 561703
What are the prime factors of 1195369138?
2, 37, 101, 159937
List the prime factors of 4796762184.
2, 3, 31, 2149087
List the prime factors of 195479674.
2, 13, 47, 347, 461
What are the prime factors of 65576197?
23, 409, 6971
List the prime factors of 2183678975.
5, 29, 3011971
List the prime factors of 2414263715.
5, 482852743
List the prime factors of 252745619.
7, 19, 337, 5639
What are the prime factors of 553962783?
3, 11, 16786751
What are the prime factors of 42826190?
2, 5, 11, 19, 31, 661
What are the prime factors of 46254950?
2, 5, 7, 132157
What are the prime factors of 52824009?
3, 7, 19, 18913
List the prime factors of 1687297314.
2, 3, 29, 67, 101, 1433
List the prime factors of 136595034.
2, 3, 17, 446389
What are the prime factors of 1506241873?
1506241873
What are the prime factors of 404175176?
2, 50521897
What are the prime factors of 790755024?
2, 3, 16474063
What are the prime factors of 402149140?
2, 5, 20107457
List the prime factors of 84743756.
2, 21185939
What are the prime factors of 105467091?
3, 35155697
What are the prime factors of 2822416414?
2, 1411208207
List the prime factors of 152667983.
13, 19, 32531
List the prime factors of 162042792.
2, 3, 19, 59, 317
List the prime factors of 68373413.
317, 215689
List the prime factors of 211062875.
5, 41, 41183
What are the prime factors of 1169891952?
2, 3, 491, 49639
List the prime factors of 273252495.
3, 5, 41, 643, 691
What are the prime factors of 199538583?
3, 997, 66713
What are the prime factors of 45243765?
3, 5, 7, 15959
What are the prime factors of 41820029?
1667, 25087
What are the prime factors of 1066822009?
11, 41, 2365459
List the prime factors of 475240435.
5, 95048087
What are the prime factors of 809969087?
809969087
List the prime factors of 27042654.
2, 3, 769, 5861
List the prime factors of 221890540.
2, 5, 83, 133669
What are the prime factors of 58151721?
3, 113, 171539
What are the prime factors of 314007237?
3, 73, 477941
List the prime factors of 6741414110.
2, 5, 149, 331, 13669
What are the prime factors of 25508035?
5, 7, 23, 31687
What are the prime factors of 66926630?
2, 5, 6692663
List the prime factors of 199659491.
199659491
What are the prime factors of 277000155?
3, 5, 23, 131, 227
List the prime factors of 20721593.
331, 62603
List the prime factors of 146073615.
3, 5, 19, 547, 937
What are the prime factors of 56775532?
2, 11, 67, 19259
List the prime factors of 15166847.
15166847
List the prime factors of 571045566.
2, 3, 7, 13, 73, 14327
What are the prime factors of 272832277?
272832277
List the prime factors of 4005230896.
2, 250326931
What are the prime factors of 132050974?
2, 11, 211, 28447
List the prime factors of 107302929.
3, 17, 29, 72551
What are the prime factors of 151545492?
2, 3, 7, 22273
What are the prime factors of 603623163?
3, 11, 13, 1407047
List the prime factors of 48687057.
3, 1307, 4139
List the prime factors of 74610821.
101, 738721
List the prime factors of 53470274.
2, 11, 13, 186959
What are the prime factors of 90700969?
90700969
List the prime factors of 4956918117.
3, 23, 109, 659077
List the prime factors of 171742671.
3, 97, 196727
What are the prime factors of 6252037991?
6252037991
List the prime factors of 58548457.
11, 137, 38851
List the prime factors of 3150488.
2, 11, 35801
What are the prime factors of 1997297?
23, 37, 2347
What are the prime fact